 the prime factors of (-3)/t - 514/(-10)?
2, 13
Suppose 2*u = -4*z - 3*u + 84, -4*z = -2*u - 56. Suppose j = m - 3, 5*m - z = 2*j + m. Suppose 27 = c + j*c. List the prime factors of c.
3
What are the prime factors of ((24/(-15))/(-2))/((-83)/(-101260))?
2, 61
Let z = -682 + 843. List the prime factors of z.
7, 23
What are the prime factors of (-8)/(-1) + (951 - 9)?
2, 5, 19
Let q = 7971 + -2544. What are the prime factors of q?
3, 67
Suppose -2*p = -4*y + 5366, y + 0*y + 4*p = 1364. What are the prime factors of y?
2, 3, 7
Suppose 211 = 2*r + 3*k, -13*k - 4 = -9*k. List the prime factors of r.
107
Suppose s = -3*s. Suppose 4*f = -s*f + 12. Suppose -4*v + 98 = 4*g - f*v, -5*g + 2*v = -116. What are the prime factors of g?
2, 3
Let f = -64 - -804. List the prime factors of f.
2, 5, 37
Suppose 0 = -6*m + 6306 + 1404. List the prime factors of m.
5, 257
Let z = 69 + -59. Let h(w) = w**2 - 6*w - 23. List the prime factors of h(z).
17
What are the prime factors of (216/20)/((-8)/(-140))?
3, 7
Let l(n) = 5*n + 5 - n**2 + 0*n + n - n**3 + 5*n**2. Let d be l(5). Let i = d + 9. What are the prime factors of i?
19
Let x(r) = 11*r**3 - 21*r**2 + 72*r - 3. List the prime factors of x(5).
17, 71
What are the prime factors of (-2)/19 + (-110374)/(-209) + -12?
2, 3, 43
Let t(z) = z**3 - 12*z**2 + 13*z - 7. Let r be t(11). Let s = r - -101. What are the prime factors of s?
2, 29
Suppose -5*h - 47 = -3*k, -k - h + 2*h = -15. Suppose 0 = -2*x + z - 0 + k, -4*x = -z - 26. Suppose -x*j = -13*j + 105. List the prime factors of j.
3, 5
Let o(t) = -t**2 - 18*t - 8. Let l be 4/14 + 2*(-107)/14. List the prime factors of o(l).
37
Let d(q) = 11*q + 2. Let f be 10/(-3) + (-4)/6. Let k be d(f). What are the prime factors of (-4)/6 - 2212/k?
2, 13
Let y(f) = f**2 + 4*f - 11. Let k be (3/(-2))/((-1)/(-4)). Let n be y(k). Let s = n - -4. What are the prime factors of s?
5
Suppose -10*p = -5*p - 5590. What are the prime factors of p?
2, 13, 43
Suppose 4*f - 200 = -3*c, f - 156 = -3*c + 38. What are the prime factors of c?
2
Let u(s) = -3*s - 8. Let a be u(-4). Suppose 4*c - 4*n - 50 = 2*c, -c - 5 = a*n. What are the prime factors of c?
3, 5
Suppose 3*w = -5*c + 178, 5*w = c - 1 - 57. List the prime factors of c.
2, 19
Suppose 4*k - 1225 = -3*k. Suppose 4*m - 157 = k. What are the prime factors of m?
83
Let z(q) = 5*q - 5. Let w be z(2). Suppose 513 = 3*l - w*b, -b + 815 = 5*l + 4*b. List the prime factors of l.
2, 83
Suppose -138 - 334 = -4*z. Suppose 5*b + 6 = 2*t - 215, 0 = t + 5*b - z. What are the prime factors of t?
113
Let z be ((-15)/20)/(0 + 2/(-40)). Suppose 4*f = 43 - z. List the prime factors of f.
7
Suppose -8*a = -6135 - 3145. List the prime factors of a.
2, 5, 29
Let y be (-13)/(-4) + (-10)/40. Suppose -g + 5 = 0, 4*m = -0*g + y*g + 353. Suppose 0*s + 140 = 3*t + s, 2*s = -2*t + m. List the prime factors of t.
47
Let c(d) = d + 1. Let i be c(-1). Suppose i = -2*v + v - 4*n + 105, -4*n - 480 = -4*v. What are the prime factors of v?
3, 13
Let q = -12 + 8. Let d be 2 - q - (4 - 0). Suppose -20 = -m + d. What are the prime factors of m?
2, 11
Let o = 22 - 16. Let r be 11/3 + (-4)/6. Suppose 3*h - r - o = 0. What are the prime factors of h?
3
Let n = 2779 + -798. What are the prime factors of n?
7, 283
Suppose 7*k = 13*k - 16536. List the prime factors of k.
2, 13, 53
Let y(a) = 223. Let k(c) = c. Let s(x) = -6*k(x) + y(x). List the prime factors of s(0).
223
What are the prime factors of 4517 - (1 + -4 - (5 + 0))?
5, 181
Suppose -3*z + 32 = z. Let w = -3 + z. Let g = -3 + w. List the prime factors of g.
2
Suppose -5*g - 21 + 4 = -2*m, 3*g = -3. Let d(a) = 12*a - 12. List the prime factors of d(m).
2, 3, 5
Suppose -a + 0*u = -4*u - 2, 3*u = 0. Suppose -h - g - 3*g = 15, h - a*g = 9. Let w(j) = 31*j**3 + j**2 + j - 1. List the prime factors of w(h).
2
Suppose 0 = 3*b - 4*b + 2. Suppose m - 4*c - 47 = -8, 4*c - 66 = -b*m. List the prime factors of m.
5, 7
Let g be (-382)/(-4) - 6/12. Let f be (-3)/(-12) - g/(-20). Suppose 0 = -4*l + 3*u + 92 - 20, -5*l = f*u - 125. What are the prime factors of l?
3, 7
Let n(u) be the second derivative of -u**4/12 + 5*u**3/2 + 7*u**2/2 - 10*u. What are the prime factors of n(12)?
43
Let j(l) = l**3 - 24*l**2 + 21*l + 30. List the prime factors of j(26).
2, 241
Suppose 4*m + 5*f = 3*m - 4, f = 0. What are the prime factors of 99 - (1 - (m - -4))?
2, 7
Suppose 4*h - 15 = 2*u - h, -5*h = -15. Suppose -4*x + 8 + 4 = u. Suppose p - 122 = -5*d + 5*p, p - 80 = -x*d. What are the prime factors of d?
2, 13
Suppose -2*p - 3*f = p - 3, p + 3*f = 3. Suppose p = 2*b - g - 5, -b - 5*g - 18 = -4*b. List the prime factors of (1 - 0)/(b/15).
3, 5
Let f(h) = -23*h**3 + 2*h**2 + 4*h - 1. Let o be f(-2). Let n = o + -44. List the prime factors of n.
139
Suppose s + 64 = g, 5*g + 6*s - 320 = 2*s. Let u = 156 - g. What are the prime factors of u?
2, 23
Let d = 76 - 73. Suppose -3*s = -5*a + 445, -d*a + 2*a + 89 = -4*s. List the prime factors of a.
89
Let o be 2/(-2) - 3 - -3. Let q be (-8)/8 - o*3. Suppose -2*r + 4*x = -0*r - 26, -q*r + 5*x + 22 = 0. List the prime factors of r.
3, 7
Let l(v) = v**3 + 2*v**2 - 1. Let i be l(1). Suppose i*b = 5*w - 59, 0 = 4*w - b - b - 48. What are the prime factors of w?
11
List the prime factors of 12*(-70)/(-15) + 6.
2, 31
Let a(s) be the first derivative of -s**3/3 - 8*s**2 + 7*s + 157. Let w = -19 + 10. List the prime factors of a(w).
2, 5, 7
Suppose 3*s + 0*s - 15 = 0. Suppose -4*q - s*i + 23 = -2*q, 2*q - 4*i + 4 = 0. List the prime factors of (1/q)/((-1)/(-20)).
5
Let o be 2/(-3)*(-3)/(-2). Let u be 5*(o - (0 - 2)). Suppose 3*f = 2*p + 67 - 19, u*p = -4*f + 87. What are the prime factors of f?
2, 3
What are the prime factors of (104/(-260))/(2/(-1920))?
2, 3
Let l = -31 + 36. Suppose 52 = l*x - 488. List the prime factors of x.
2, 3
Suppose 5*l + f - 15673 = -0*f, -l = -3*f - 3141. Suppose -17*w + l = -6*w. List the prime factors of w.
3, 5, 19
Let q = 1549 - 579. What are the prime factors of q?
2, 5, 97
Let k(u) = 3*u**2 + 13*u + 100. What are the prime factors of k(14)?
2, 3, 5, 29
Let g be 982/7 - 2/7. Suppose -4*r + 3*a = -a - g, 5*r - 3*a - 183 = 0. List the prime factors of r.
3, 13
Let s(p) = p**3 - 8*p**2 - 8*p - 7. Let l be (-6)/4*(-8)/6. Suppose -d = l*d - 4*r - 7, 5*r - 70 = -5*d. List the prime factors of s(d).
2
Let j be (4 - 14/(-4))*9*2. Suppose -2*l + 49 = -j. What are the prime factors of l?
2, 23
Let t(j) = 2*j**2 - 10*j - 40. What are the prime factors of t(-12)?
2, 23
Suppose 4*p + 3*v + 0*v = 236, 0 = v. Let d be 1*(4 - 0/3). Suppose 5*r = -d + p. What are the prime factors of r?
11
Let y be -118*-1*(-2 + 4). Suppose 4*a = -2*q + y, 6*q - 3*a = 2*q + 516. What are the prime factors of q?
2, 3, 7
Suppose 18 = -7*x + 9*x. Let d be (1 - -2) + (-24 - -3). What are the prime factors of (42/d)/((-3)/x)?
7
Suppose -5*p + 3*a + 6435 = 0, -6*p + p + 6410 = 2*a. What are the prime factors of p?
2, 3, 107
Let l = -1893 - -3241. List the prime factors of l.
2, 337
Let i = -24 - -1. Let l = i + 145. What are the prime factors of l?
2, 61
Let i = -857 - -2555. What are the prime factors of i?
2, 3, 283
Let d be ((-6)/9)/(5/((-135)/(-6))). What are the prime factors of (12/d)/12*-309?
103
What are the prime factors of 2/(6/(-1336)*48/(-126))?
7, 167
Suppose -13*g + 4 = -22. What are the prime factors of ((-2051)/g)/7*-2?
293
Suppose -12*m = -14*m + 6408. What are the prime factors of m?
2, 3, 89
Let x = 239 + -91. Suppose 4*v + 6*l = 2*l + x, 5*v - l = 215. List the prime factors of v.
2, 3, 7
Let z = -6 - -6. Suppose z = -14*k + 10*k - 64. What are the prime factors of k/14*7/(-2)?
2
Suppose -121*b = -97*b - 35568. What are the prime factors of b?
2, 3, 13, 19
Let r be (-2 + -22)/(-3 + 1). Suppose 4*i = -2*c - r, 2*c - 2 = -i + 1. Suppose -5*q = -5*f + 64 + 226, 0 = -5*f + c*q + 288. What are the prime factors of f?
2, 7
Let y be (0 - 3/(-5))*5. Suppose 81 = y*d - 42. List the prime factors of d.
41
Suppose -1 = -2*h - 5. Let t(b) = 15*b**2 + 3 - 1 + 2*b - 14*b**2. List the prime factors of t(h).
2
Let b = -83 - -74. Let t(q) = -28*q - 30. List the prime factors of t(b).
2, 3, 37
Let t = -17 - -210. List the prime factors of t.
193
Suppose 0 = -2*u + 1863 - 511. List the prime factors of u.
2, 13
Suppo